e 0 = 2*b + 2*o - 138, -b + 3*o - 17 + 106 = 0. Suppose -3*t + b = -10. Calculate the remainder when 81 is divided by t.
25
Let m = 0 + 3. Suppose -2*t = -3*t - m*z + 17, 4*z = 4*t + 12. Suppose -h + 93 = t*h. What is the remainder when h is divided by 8?
7
What is the remainder when ((-9)/(-2))/(54/52 + -1) is divided by 12?
9
Let w(h) = 27*h**3 - 2*h**2 + h. Let z be w(1). Let g = z - 4. Let b(k) = -k**3 - 8*k**2 - 8*k + 5. What is the remainder when g is divided by b(-7)?
10
Suppose 0 = -u + 9 + 8. Calculate the remainder when 48 is divided by u.
14
Suppose 4*h - 164 = 2*t - 6*t, 0 = -5*t - 4*h + 202. What is the remainder when t is divided by 8?
6
Let v(u) = 3*u**2 - 5*u - 36. What is the remainder when v(7) is divided by 20?
16
Let w(m) = m**2 + 9. Calculate the remainder when 33 is divided by w(0).
6
Suppose -w + 2*l = -6*w + 105, -5*w = 3*l - 110. Calculate the remainder when 55 is divided by w.
17
Let t(l) = l + 4. Let z be t(-6). Calculate the remainder when -3 + 7/1 - z is divided by 2.
0
Let l be 1*(-2)/(-4)*-2. Let x = 4 + -4. What is the remainder when (x - -1)/(l/(-2)) is divided by 1?
0
Calculate the remainder when -18*((-3)/(-18))/((-4)/12) is divided by (13 + -3)/((-4)/(-2)).
4
Let a = -49 + 59. Calculate the remainder when 26 is divided by a.
6
Suppose 0 = 2*r - 5*z - 58 + 142, 2*r + 84 = 3*z. Let h = -20 - r. What is the remainder when h is divided by 8?
6
Let l = 9 + -5. Suppose -2*m - 5 = 3*j, 7 = -m - l*j - 8. What is the remainder when 14 is divided by m?
4
Let v(y) = -5*y - 12. Let w be v(10). Let d = -28 - w. Suppose -72 = -3*n - 18. What is the remainder when d is divided by n?
16
Suppose 3 - 13 = 2*m. What is the remainder when 72 is divided by (-99)/(-4) - m/20?
22
Let h(o) = -o**2 + 8*o - 4. Calculate the remainder when 22 is divided by h(6).
6
Suppose -7*k = -2*k - 85. What is the remainder when k is divided by 5?
2
Suppose -2*g = -5*n - 4*g + 103, -3*n = -2*g - 65. What is the remainder when 83 is divided by n?
20
Let t(c) = c**3 + 5*c**2 - 9*c + 7. Let b be t(-7). What is the remainder when 4/14 + (-272)/b is divided by 3?
1
Suppose 210 = 3*o + 4*o. What is the remainder when o is divided by 11?
8
Suppose -4*f + 20 + 0 = 0. Suppose -3*n = f*z - 90, -4*n = -0*z + z - 18. Calculate the remainder when 34 is divided by z.
16
Suppose -5*g - 5*t = -4*g - 19, t = -4*g + 114. Let l be 33/3 - (-5 + 2). Let v = -4 + l. What is the remainder when g is divided by v?
9
Suppose -5*p + 29 = 3*l - 115, 4*l + 8 = 0. Suppose -p = 3*b - 4*b. What is the remainder when b is divided by 16?
14
Suppose 0*q = 3*v + q, -3*q + 12 = -3*v. Let n be (-172)/(-6) - v/3. Let o = -16 + n. What is the remainder when 24 is divided by o?
11
Let y = 48 + -30. What is the remainder when 67 is divided by y?
13
Suppose -4*y - y = -105. Calculate the remainder when y is divided by 1/((-1)/12*-2).
3
Suppose -5*f = -50 - 0. Calculate the remainder when 17 is divided by f.
7
Suppose 18 - 270 = -7*h. Calculate the remainder when 142 is divided by h.
34
Suppose 0 = a - 7 + 41. Let w = -11 - a. Calculate the remainder when w is divided by 12.
11
Suppose 5*j + 0*y - 2*y - 64 = 0, 0 = 3*j + 2*y - 48. Calculate the remainder when 53 is divided by j.
11
Suppose -3*m = -3*l - 15, m + 3*l = 3*m - 12. Suppose -4*o - 22 = -3*f, 0*f - f - m*o = -16. What is the remainder when f is divided by 6?
4
Suppose 4*g = 9*g - 260. What is the remainder when 257 is divided by g?
49
Let w = -367 - -371. Let s = 15 - 6. What is the remainder when s is divided by w?
1
What is the remainder when (-6 - -5 - 3) + 85 is divided by 17?
13
Let g = 23 - 2. Calculate the remainder when 2 + g/(-2 + 3) is divided by 8.
7
Let x be 2/2 + (-3)/(-1). Let r = -1 + x. Let w(z) = z**3 + z**2 - 3*z. Calculate the remainder when w(r) is divided by 14.
13
Suppose 0 = l - 5 + 2. Suppose 0 = l*h - 5*t - 24, -5*t = -0*t. Let f(b) = -b**3 - 8*b**2 - 8*b + 8. What is the remainder when f(-7) is divided by h?
7
Suppose -2*d = l - 139, -d = -l - 118 + 41. Calculate the remainder when d is divided by 15.
12
Calculate the remainder when (-2 + -3)/(-30) + (-263)/(-6) is divided by 17.
10
Suppose 3*i = 2*m - 8, -i + 5*m - 20 = 2*i. Let d(u) = u**3 - u**2 - u + 44. Calculate the remainder when d(i) is divided by 15.
14
Let f = -11 - -40. Let v = 95 - f. Suppose -2*j = 3*s + 2*j - v, 107 = 4*s - j. Calculate the remainder when s is divided by 9.
8
Suppose -2*n - 3*r = 3*n - 13, 5*r + 5 = -3*n. Calculate the remainder when (-276)/(-10) - (-2)/n is divided by (-4 + 12)*(-5)/(-4).
8
Suppose 0 = -5*i - 1 + 216. Calculate the remainder when 211 is divided by i.
39
Suppose -2*f + 4*i - 10 = 0, 11 = 2*i + 3. Calculate the remainder when 9 is divided by f.
0
Suppose -h + 4 = -5*x, 0*x - 2*h - 6 = 4*x. Let r be x*(6/(-3) - 40). Let s = r + -17. Calculate the remainder when s is divided by 9.
7
Suppose 3*t + t - 4 = 0. Let x = 22 + t. Calculate the remainder when x is divided by 8.
7
Suppose 4 = 2*b + 16. Let i = b - -11. What is the remainder when i is divided by 2?
1
Let v(b) be the third derivative of -3*b**2 + 0*b + 1/120*b**6 + 5/24*b**4 + 7/6*b**3 - 7/60*b**5 + 0. What is the remainder when v(6) is divided by 1?
0
Let o(y) = y - 1. Let z(h) = -5*h + 2. Let l(f) = 6*o(f) + z(f). Suppose 4*i - 8 = 3*i. What is the remainder when 10 is divided by l(i)?
2
Suppose 0 = 4*j + 16, j + 20 = n - 3*j. Let q = 10 - n. Let c(i) = 3*i - 3. Calculate the remainder when c(q) is divided by 9.
6
Suppose -51 = -n + 2*t - 6*t, -2*n + 3*t = -69. Suppose -2*a + a = -n. Let m = 19 + -5. Calculate the remainder when a is divided by m.
11
Let w(p) = -p**3 - 14*p**2 - 2*p - 20. What is the remainder when 31 is divided by w(-14)?
7
Let h(g) = g**2 + 6*g - 8. Let y be 11/(-11) - 1*-5. What is the remainder when h(y) is divided by 17?
15
Suppose -4*m + 47 = 3*o, 2*o + o - 2*m - 17 = 0. What is the remainder when 17 is divided by o?
8
Let i be 6/(-1)*6/(-18). Let d be (i/(-1) - 18) + -1. Calculate the remainder when 9 is divided by (-69)/d + (-6)/21.
0
Suppose 136 - 52 = v. Calculate the remainder when v is divided by 29.
26
Suppose 44 = -y - x, 4*y + 171 + 14 = 5*x. Let p be y/(-6)*(-20)/(-6). Suppose 3*c - 14 = 4*i, c + 4*i = 1 + p. What is the remainder when 29 is divided by c?
9
Let x(v) = -v**3 + 7*v**2 - 4*v + 11. Calculate the remainder when 89 is divided by x(6).
20
Let s(w) = 2*w + 7. What is the remainder when 21 is divided by s(-1)?
1
Suppose 5*m = r + 17, r - 4*m + 106 = -2*r. Calculate the remainder when 24 is divided by 28/r + 82/6.
11
Suppose z - 16 = -3*z. Calculate the remainder when 10 is divided by z.
2
Let l = 1 - 11. Let s = l - -20. What is the remainder when 19 is divided by s?
9
Let i = -76 + 84. What is the remainder when i is divided by 2?
0
Calculate the remainder when (24/16)/((-1)/(-38)) is divided by 20.
17
Suppose -23*g = -19*g - 184. What is the remainder when 183 is divided by g?
45
Let y be (-9)/2*6/(-9). Let a(n) = y*n**3 - 2*n**3 - 6 + n - 4*n**2 - 4*n. Calculate the remainder when 9 is divided by a(5).
1
Suppose -3*b + 12 = -0*b. Suppose -2*d + 20 = -b*d. What is the remainder when 18 is divided by (-102)/d - 9/45?
8
Suppose -r - 2*d + 8 = 0, 4*d - 6*d + 8 = 2*r. Suppose 4*q - 38 - 2 = r. What is the remainder when ((-19)/2)/(12/(-24)) is divided by q?
9
Suppose 4*d - 33 = d + f, 0 = -5*f - 15. What is the remainder when 27 is divided by d?
7
Suppose 5*g - 2 = 4*g. Let w = 2 + g. What is the remainder when 7 is divided by w?
3
Let z be -3*(28/(-3))/(-2). Let b = 12 - z. Calculate the remainder when b is divided by 14.
12
Let x = 0 + 0. Suppose -3*s - 2*b - 2*b + 82 = x, 3*s + 3*b - 87 = 0. What is the remainder when s is divided by 18?
16
Let z = 76 - 45. What is the remainder when z is divided by 19?
12
Suppose 9*l + 3*l = 936. Let k(j) = 3*j + 5. What is the remainder when l is divided by k(5)?
18
Suppose 0*j - 13 = -j. Let t = -5 + j. Calculate the remainder when 22 is divided by t.
6
Let g(w) = 44*w**2. What is the remainder when g(1) is divided by 15?
14
Let d be -2*(-1 + 9/6). Let h = 23 - -5. What is the remainder when h is divided by (-1)/(d + 14/15)?
13
Suppose 5*g - 4*t - 12 = 7, 4*g = -3*t + 9. Suppose 0 = -12*r + 17 - 5. What is the remainder when g is divided by r?
0
Let q be 2*(2/(-4) - -2).